 + (0 - -8))) + -1
-1
What is the value of -4 - (-2 + 1) - -4 - -4?
5
What is the value of 4 - (-3 + 0 + 2)?
5
What is 8 + 13 + -10 + -14?
-3
What is the value of (-11 - -7) + 5 - (0 - 3)?
4
Evaluate -2 + 2 - (12 + -4 - 4).
-4
What is the value of 6 + (-3 - (3 - 6) - 7)?
-1
Evaluate 697 - 690 - (1 + (14 - 0)).
-8
-27 + 24 - (-5 + 2)
0
What is 271 + -279 - (-3 - (0 - 1))?
-6
Evaluate -6 + 0 - (-9 - -8).
-5
Calculate -5 - (-13 + 6) - 4.
-2
What is the value of -13 + 12 + -1 + 1 + -2?
-3
63 + -50 - (1 + 14)
-2
Calculate -5 - -1 - (-2 + 0).
-2
1 + -2 + (-23 - -24)
0
What is the value of (-7 - -14) + -9 - (-2 - -1)?
-1
Evaluate -4 - (-8 + -4 - -4).
4
What is ((1 - 11) + 5 - -5) + 3?
3
-3 - -3 - 0 - 2
-2
-3 + 3 + (3 - 6)
-3
-16 - -12 - (0 + 0)
-4
Calculate -2 + (-4 - (-3 + 3 - 7)).
1
Evaluate 4 + (3 + -6 - -4).
5
Evaluate -4 + -4 + 3 + (-7 - -8).
-4
What is the value of 2 + 10 + -8 + 4?
8
Calculate -6 + 6 + 2 - (0 + 4).
-2
What is 5 + 4 + (-10 - 1)?
-2
-5 - ((-2 - 2) + 1 + 1)
-3
Calculate 4 + -4 + 2 - 4.
-2
-10 + 16 + -8 - -6
4
What is the value of 2 - 9 - (24 - 28)?
-3
What is the value of 8 + (7 - 10) + (3 - 14)?
-6
Evaluate -5 - -1 - -10 - 1.
5
Evaluate 1 + (-2 - 1 - (-2 + -1)).
1
Evaluate (16 - 7) + 4 + -7.
6
(-3 - -4) + (-44 - -40)
-3
Evaluate -6 + 1 - (5 + -12 + -6).
8
Evaluate -4 + 3 - -9 - (4 + -1).
5
-4 - (-1 + -2) - (-8 - -4)
3
Evaluate 4 - -2 - (-5 - (-5 - 4)).
2
Evaluate 18 + (12 - 11) + -12.
7
What is (-7 - -3) + (-6 - -6) - -9?
5
What is the value of -1 - (-4 + 6 - 0)?
-3
Evaluate 1 - 6 - (-2 + -5 + 4).
-2
Evaluate 1 + -6 + 14 + -5.
4
What is -2 + (5 - 13) + 4?
-6
4 - (-5 - -7 - (-1 - 0))
1
What is the value of -8 - (-16 + 8 + -6)?
6
What is -3 - (-6 - -1) - (4 - 3)?
1
What is 3 + 2 - 5 - 5?
-5
What is 0 - 0 - (0 + 4 + -6)?
2
What is 8 + 1 + (0 - 4)?
5
What is 6 + (0 - 6) - 2 - 2?
-4
-5 + 4 - (-2 + 1 + -1)
1
(3 + -2 - -4) + -9
-4
Calculate -2 + -3 + 9 + -3 - -2.
3
What is 0 + (12 - 5) + -5?
2
1 + 2 + -12 + 6
-3
What is the value of 7 - (3 + -3 + 3)?
4
(0 - -1) + -9 + (9 - -6)
7
What is 1 + 1 + 5 + -2?
5
What is the value of 0 + 4 - (10 - 6)?
0
Evaluate (6 + -17 + 3 - -3) + 4.
-1
Calculate (2 - 3 - 1) + -5 + 4.
-3
Calculate 11 - (8 + 10) - -12.
5
What is the value of -1 - (-3 - (-2 + -4)) - -8?
4
What is -5 + 1 + 23 + -15?
4
What is the value of (1 - -1) + -5 + 3 + 3?
3
What is the value of (2 - ((-4 - -3) + 2)) + -1?
0
Evaluate -1 + -1 + (3 - 0).
1
Evaluate (2 - -3) + (-19 - -10).
-4
Evaluate (3 - (7 + -9)) + 3.
8
What is 4 - ((-6 - (3 + -7)) + 1)?
5
Calculate 5 - 0 - (1 - (3 + -3)).
4
Evaluate -5 + 6 - -3 - (-1 + 1).
4
1 + -1 + (1 - 4)
-3
Evaluate 7 - (5 - (1 + -4 + 4)).
3
What is 7 - (6 - (0 + -7))?
-6
What is (-6 - (3 - 17)) + -9?
-1
What is the value of 5 + -2 + -2 - 4?
-3
Evaluate 2 + -2 + (3 - 4) + 0.
-1
Calculate 15 + -4 + -9 - 4.
-2
What is 0 + 1 + (8 - 7) + 2?
4
Calculate -9 + 11 - (6 + -1).
-3
What is the value of 1 + (-3 - -4) - 0?
2
Calculate 3 - 2 - (-10 + 5 + 1).
5
Calculate 1 + 0 + (-1 + 7 - 9).
-2
What is the value of 3 + 1 + -1 + -1 + -1?
1
Evaluate 0 + (2 - -2) + -7 + 6.
3
Evaluate 2 - 5 - ((-2 - -7) + -3).
-5
Evaluate 1 + 1 + (1 - -2).
5
What is -8 - ((4 - 16) + 4)?
0
1 - (-1 - (1 + -2) - 0)
1
Evaluate 0 + 2 + -2 - 4.
-4
Calculate 0 + (3 - 4) + 1.
0
(11 - (-16 - -21)) + -1 + -3
2
Calculate 1 + -8 - (20 + -25).
-2
2 + 2 - (-10 + 10 + 2)
2
Calculate (10 - (9 + -6)) + -2 + -2.
3
What is 1 + -16 - (-49 - -38)?
-4
What is 8 - 4 - 14 - -4 - -3?
-3
What is -6 - ((-3 - -2) + 1)?
-6
0 + (8 + -3 - 1)
4
(-2 - -13) + (3 - 10) - -2
6
Calculate -3 - ((-8 - -5) + 4).
-4
8 - (3 + 2) - 0
3
(2 + -4 - (-1 + -2)) + 1
2
What is the value of 1 + 3 + 1 + -1 - 4?
0
Calculate -5 - 0 - (-3 + 2 + 2).
-6
What is -4 + (8 - 8) - 4?
-8
Evaluate (7 - -25) + -12 + -12.
8
Evaluate 0 + 6 - (-5 - -9).
2
6 + (5 - (1 + 6))
4
What is the value of (5 - (5 - 5)) + -6?
-1
Evaluate (1 - 0) + (1 - -3).
5
What is -79 - -75 - (0 - -5)?
-9
Calculate 1 - (9 + 8 + -9).
-7
What is -3 + -13 - (-9 + -2)?
-5
What is the value of 0 + 4 + -7 + -7 + 3?
-7
Calculate 3 - (1 + -1 + -6 - -3).
6
What is -3 + 0 + 4 + 2?
3
What is the value of -7 - (-5 + -4 + -1)?
3
What is -1 + (5 + -4 - 5)?
-5
What is the value of 0 - (-1 - -2) - -7 - -2?
8
Evaluate 6 + 4 + -7 - 6.
-3
Evaluate -1 + -2 - -2 - (33 - 37).
3
What is the value of (-5 - (3 + -5)) + 5 - 2?
0
What is the value of 1 + 3 + 4 + (5 - 18)?
-5
What is the value of (0 - 13) + (327 - 312)?
2
-5 + 8 + 1 + -3 + 1
2
0 + -10 + (-2 - -3) + 4
-5
Calculate (7 + -1 - 8) + (-3 - 0).
-5
What is the value of (10 - 2) + -9 - (1 - -1)?
-3
What is -8 + 2 - (-13 - -10)?
-3
What is the value of 0 - (6 + -3 + 1 + -2)?
-2
Calculate -6 + 2 + (32 - 29).
-1
What is -1 + -1 + 8 + -6 - -4?
4
Evaluate 4 + -2 + (4 - 3 - -2).
5
What is -6 - -10 - (7 + 2)?
-5
What is the value of 10 - (3 + (1 - 5) + 5)?
6
What is the value of 1 - 1 - 2 - (-1 - 5)?
4
What is the value of (4 - 1) + 0 - (19 - 26)?
10
What is 0 + 8 + 1 + 0 + -4?
5
Calculate -4 + (3 - 2) - 1.
-4
What is 3 + (-4 - (-4 - -2)) + -2?
-1
What is the value of -2 - (6 - (6 + -1))?
-3
5 + (8 - 5) + 1 + -5
4
What is -120 + 111 - (-5 + 1)?
-5
Evaluate (1 - 7) + 9 + (0 - 0).
3
What is the value of (-2 - (-2 + (-4 - 3))) + -2?
5
What is 16 + (7 - (-16 + 9 - -22))?
8
-2 - (14 - 9 - (-3 + 12))
2
(-3 - (-13 - -4)) + -7
-1
Calculate 1 + ((7 - 1) + -3 - 0).
4
3 + -7 + 15 - 7
4
Calculate (-1 + 4 - (0 + -2)) + -11.
-6
What is -8 - (-10 - -2) - -8 - 2?
6
What is the value of -9 + (-1 - (-2 - 1)) + 4?
-3
What is the value of 1 - (3 - 2) - -3 - 3?
0
What is -5 + (-2 - 0 - -11)?
4
Evaluate 13 - 13 - (0 - (2 - 2)).
0
-8 + 9 + (-2 - (0 - 0))
-1
4 + -1 + -4 + 4
3
(6 + -8 - 5) + (5 - 1)
-3
Calculate -2 - -8 - 7 - 0.
-1
Calculate 8 + (2 - (2 - -4)).
4
What is -2 - -3 - (3 - 3)?
1
-1 - ((0 - (-6 - -9)) + 2)
0
1 + 3 + 0 - (45 + -34)
-7
Evaluate -10 + 0 + (-110 - -125).
5
Calculate 12 - (-2 + -1 + 10).
5
What is -3 + (2 + 0 - 4)?
-5
-5 - (5 + -17 + 3 + 8)
-4
What is -4 + 42 + -48 + 0 + 1?
-9
-8 + 8 + (9 - -2) + -3
8
Evaluate -1 - (-3 - -14 - 3).
-9
Evaluate 7 + (-12 - -4 - -5).
4
Evaluate -17 + 18 - (5 + -12).
8
Evaluate 1 + (-5 - (6 + -6)) - 3.
-7
Evaluate 43 - 42 - (2 + -3).
2
What is 1 - -7 - (73 + -62)?
-3
(1 - (5 + -3)) + -17 + 18
0
What is 1 - -2 - ((-2 - -8) + -1)?
-2
What is the value of -4 + 2 + -33 + 26 + 8?
-1
-1 - (-3 - -7) - -3
-2
(31 - 32) + (-1 - (-2 - -4))
-4
Calculate -4 - (1 - (2 - -4 - 2)).
-1
What is the value of (3 - 0) + (1 - (6 + -4))?
2
Calculate (-10 - -19) + -3 - 9.
-3
(-7 - (-4 + -1)) + (-2 - -5)
1
Calculate 3 - (3 + 0 + 1 + 0).
-1
2 + (-2 + (-2 - -8) - 9)
-3
What is (-10 - (-5 - -2)) + 8?
1
What is the value of 4 + (-7 - -2) - (-1 + -1)?
1
What is -11 + -2 + 2 + 8?
-3
What is the value of (10 - (12 - 22)) + -14?
6
Evaluate -5 - -1 - (32 - 31).
-5
Calculate -7 + 1 + (-3 - -4) - 0.
-5
(2 - -1) + 1 - 15 - -4
-7
What is the value of -16 + 7 + 3 + 13?
7
(20 - (-20 - -44)) + 14 + 0
10
Calculate -4 - (2 - (1 - -2) - 1).
-2
What is the value of (-4 - 2) + (3 - -9)?
6
Evaluate 1 + (-5 + -1 - -5) + 0.
0
What is the value of 0 + 1 + -2 + (-2 - -1)?
-2
Calculate -2 + 2 + -3 - (2 - 2).
-3
0 + 0 + -5 + -8 + 18
5
What is 4 + 0 - (5 + -3 + -4)?
6
Evaluate -3 + 4 + 0 - 1.
0
What is the value of -16 - (-9 - -12 - 14)?
-5
Calculate (1 - (-1 - (-6 + 0))) + -3.
-7
Calculate 6 + -5 + -4 + (8 - 4).
1
What is 0 - (4 - (2 + (1 - 2)))?
-3
Evaluate -1 + 2 + 5 + (14 - 18).
2
What is the value of 18 + (-24 - 1) + 3 + 0?
-4
Calculate 151 + -146 - (3 - (1 + -2)).
1
What is the value of (3 - 3 - (-4 - 3)) + -4?
3
What is -7 - ((-4 - 1) + 3)?
-5
What is (-2 - (-4 - -3 - -5)) + 7?
1
What is the value of (-7 - (-8 + 7)) + 14?
8
What is the value of 9 + -13 + 9 - (-2 - -7)?
0
Calculate 7 + -2 + (5 - 10 - 5).
-5
(8 - 3) + 0 + -2 - -1
4
Calculate (1 - 3) + -3 + 1 + 0.
-4
Calculate (-3 - -2) + 3 + -1 - -2.
3
What is 1 + -1 + 2 - 0?
2
Evaluate (1 - 5) + (14 + -4 - 0).
6
What is (3 - -7) + (-12 - (-8 - -4))?
2
Evaluate -4 + (1 + 3 - 3).
-3
Evaluate 4 - ((5 - 5) + -1).
5
What is (2 - 0) + 2 - 6?
-2
What is 7 + (2 - 4 - (1 + 0))?
4
What is 7 + (-5 - (-4 + 4))?
2
Calculate 8 + -15 + 5 + (3 - 5).
-4
What is the value of -12 - 0 - -19 - (-1 + 0)?
8
What is the value of -7 - (21 - 9 - 25)?
6
Calculate (-3 + 6 + -1 - -5) + -3.
4
-2 - (